967?
4
What is the thousands digit of 1793605467?
5
What is the units digit of 7192245?
5
What is the units digit of 155962391?
1
What is the billions digit of 1855474375?
1
What is the hundred thousands digit of 12385907?
3
What is the thousands digit of 5953463?
3
What is the millions digit of 27614568?
7
What is the millions digit of 801009606?
1
What is the thousands digit of 89210911?
0
What is the hundred millions digit of 2866194802?
8
What is the units digit of 34509204?
4
What is the hundreds digit of 128322414?
4
What is the hundred thousands digit of 24983211?
9
What is the ten millions digit of 349620121?
4
What is the thousands digit of 33258887?
8
What is the hundred thousands digit of 102711252?
7
What is the thousands digit of 10111678?
1
What is the units digit of 39556384?
4
What is the ten millions digit of 1663052629?
6
What is the hundred thousands digit of 1369654625?
6
What is the tens digit of 723620725?
2
What is the ten millions digit of 2903590071?
0
What is the tens digit of 560668?
6
What is the hundred millions digit of 6860184383?
8
What is the millions digit of 2452455554?
2
What is the ten thousands digit of 47616698?
1
What is the ten thousands digit of 3165690123?
9
What is the hundred thousands digit of 495658958?
6
What is the ten thousands digit of 157010198?
1
What is the units digit of 994617829?
9
What is the ten millions digit of 131395669?
3
What is the ten millions digit of 383463115?
8
What is the millions digit of 663356420?
3
What is the millions digit of 451455639?
1
What is the ten thousands digit of 1805821665?
2
What is the billions digit of 2185332560?
2
What is the hundred thousands digit of 298908804?
9
What is the ten millions digit of 967901064?
6
What is the hundreds digit of 599814747?
7
What is the thousands digit of 45129205?
9
What is the units digit of 759830946?
6
What is the units digit of 2245354268?
8
What is the billions digit of 1459563844?
1
What is the ten thousands digit of 34005743?
0
What is the hundred thousands digit of 15671882?
6
What is the units digit of 1189744495?
5
What is the ten thousands digit of 478242050?
4
What is the ten thousands digit of 33129916?
2
What is the hundred millions digit of 1461531238?
4
What is the ten thousands digit of 640097221?
9
What is the thousands digit of 1087883215?
3
What is the thousands digit of 13283179?
3
What is the tens digit of 34359581?
8
What is the millions digit of 1700589015?
0
What is the millions digit of 458531030?
8
What is the hundred millions digit of 541479391?
5
What is the units digit of 333409275?
5
What is the ten millions digit of 1170505124?
7
What is the thousands digit of 1388721817?
1
What is the ten millions digit of 40621753?
4
What is the hundred thousands digit of 2102681122?
6
What is the ten thousands digit of 393189829?
8
What is the millions digit of 494177949?
4
What is the millions digit of 25835146?
5
What is the hundreds digit of 886753083?
0
What is the tens digit of 33187610?
1
What is the hundred thousands digit of 63909209?
9
What is the hundred thousands digit of 779849243?
8
What is the hundred thousands digit of 544803972?
8
What is the ten thousands digit of 904498948?
9
What is the millions digit of 48371725?
8
What is the ten millions digit of 33116257?
3
What is the millions digit of 55980751?
5
What is the ten thousands digit of 86302279?
0
What is the ten millions digit of 648754297?
4
What is the units digit of 672123554?
4
What is the hundreds digit of 593038598?
5
What is the ten thousands digit of 7808736?
0
What is the tens digit of 3101420?
2
What is the millions digit of 84765824?
4
What is the ten millions digit of 71387326?
7
What is the millions digit of 98341994?
8
What is the hundreds digit of 3731524420?
4
What is the ten millions digit of 309244905?
0
What is the ten thousands digit of 2624035533?
3
What is the tens digit of 140161484?
8
What is the units digit of 106811214?
4
What is the tens digit of 742310284?
8
What is the millions digit of 2108270922?
8
What is the ten millions digit of 17102792?
1
What is the thousands digit of 50136422?
6
What is the units digit of 5238589603?
3
What is the ten thousands digit of 39527646?
2
What is the ten millions digit of 52311329?
5
What is the ten millions digit of 5735688270?
3
What is the millions digit of 925197722?
5
What is the hundred thousands digit of 317213651?
2
What is the tens digit of 81511424?
2
What is the ten millions digit of 301527047?
0
What is the hundreds digit of 17763165?
1
What is the ten thousands digit of 477691621?
9
What is the tens digit of 8535729?
2
What is the units digit of 690884601?
1
What is the hundred thousands digit of 205384008?
3
What is the ten thousands digit of 2384247229?
4
What is the thousands digit of 1562620533?
0
What is the units digit of 43983083?
3
What is the hundred thousands digit of 84827987?
8
What is the ten millions digit of 866514254?
6
What is the tens digit of 3215406617?
1
What is the tens digit of 292014719?
1
What is the ten thousands digit of 70390935?
9
What is the millions digit of 83402278?
3
What is the tens digit of 479443596?
9
What is the hundreds digit of 418951393?
3
What is the ten millions digit of 2640374049?
4
What is the units digit of 303848769?
9
What is the hundred thousands digit of 15581233?
5
What is the hundreds digit of 18375847?
8
What is the millions digit of 85139483?
5
What is the hundreds digit of 651516744?
7
What is the hundred millions digit of 601116696?
6
What is the millions digit of 995929327?
5
What is the millions digit of 3626387260?
6
What is the units digit of 417697942?
2
What is the ten millions digit of 594946463?
9
What is the ten thousands digit of 38337331?
3
What is the units digit of 231521582?
2
What is the units digit of 66693366?
6
What is the units digit of 2832407218?
8
What is the ten thousands digit of 3375101035?
0
What is the hundreds digit of 67585501?
5
What is the thousands digit of 36059954?
9
What is the ten millions digit of 2993345389?
9
What is the hundreds digit of 10727118?
1
What is the hundred millions digit of 430460766?
4
What is the ten millions digit of 87856145?
8
What is the hundreds digit of 19338833?
8
What is the units digit of 258112710?
0
What is the thousands digit of 1634540768?
0
What is the hundreds digit of 322547230?
2
What is the thousands digit of 7514789381?
9
What is the millions digit of 5218508876?
8
What is the thousands digit of 291657215?
7
What is the tens digit of 69170748?
4
What is the tens digit of 57367843?
4
What is the hundred thousands digit of 20641737?
6
What is the ten thousands digit of 737625690?
2
What is the hundred millions digit of 2378337124?
3
What is the hundreds digit of 863481776?
7
What is the thousands digit of 88344796?
4
What is the tens digit of 169296073?
7
What is the units digit of 4794575703?
3
What is the hundreds digit of 72648919?
9
What is the units digit of 341302242?
2
What is the hundreds digit of 63343385?
3
What is the millions digit of 19795214?
9
What is the hundreds digit of 282511975?
9
What is the ten millions digit of 81827123?
8
What is the ten thousands digit of 10991410?
9
What is the thousands digit of 9171429?
1
What is the thousands digit of 88536982?
6
What is the thousands digit of 13145380?
5
What is the ten thousands digit of 6233541?
3
What is the ten millions digit of 48068143?
4
What is the thousands digit of 2498788735?
8
What is the tens digit of 1895316892?
9
What is the ten thousands digit of 285090454?
9
What is the hundreds digit of 37044916?
9
What is the hundreds digit of 107054292?
2
What is the thousands digit of 9231743480?
3
What is the ten thousands digit of 83382228?
8
What is the hundred millions digit of 191294682?
1
What is the thousands digit of 254387247?
7
What is the hundred millions digit of 495353554?
4
What is the hundreds digit of 96586737?
7
What is the thousands digit of 55659560?
9
What is the thousands digit of 266955245?
5
What is the hundred thousands digit of 22516152?
5
What is the units digit of 263703849?
9
What is the ten thousands digit of 53063093?
6
What is the hundreds digit of 68698046?
0
What is the hundred thousands digit of 842960336?
9
What is the milli